ts digit of 4318085464?
4
What is the tens digit of 38834801?
0
What is the units digit of 83745514?
4
What is the hundreds digit of 158579530?
5
What is the tens digit of 25340153?
5
What is the ten millions digit of 557714390?
5
What is the hundred millions digit of 337779328?
3
What is the tens digit of 1840053732?
3
What is the millions digit of 5670158711?
0
What is the ten thousands digit of 145080467?
8
What is the millions digit of 169966981?
9
What is the hundreds digit of 36036016?
0
What is the millions digit of 1150506522?
0
What is the hundred thousands digit of 50625955?
6
What is the tens digit of 248034644?
4
What is the tens digit of 963550462?
6
What is the millions digit of 451245009?
1
What is the units digit of 1677300536?
6
What is the ten thousands digit of 983244199?
4
What is the ten millions digit of 752696277?
5
What is the billions digit of 3454141806?
3
What is the hundred thousands digit of 212208257?
2
What is the millions digit of 347616094?
7
What is the ten millions digit of 50413256?
5
What is the ten thousands digit of 543365001?
6
What is the thousands digit of 4086771336?
1
What is the tens digit of 2755968?
6
What is the units digit of 10205653?
3
What is the ten thousands digit of 3063620512?
2
What is the hundred thousands digit of 349044594?
0
What is the hundred millions digit of 460309048?
4
What is the ten millions digit of 1550025008?
5
What is the hundreds digit of 164493846?
8
What is the hundred thousands digit of 3058868089?
8
What is the hundred millions digit of 188835152?
1
What is the ten thousands digit of 5477272?
7
What is the hundred thousands digit of 8113150094?
1
What is the units digit of 103458758?
8
What is the millions digit of 118243592?
8
What is the tens digit of 1736577151?
5
What is the hundreds digit of 231096885?
8
What is the hundreds digit of 1223358510?
5
What is the hundreds digit of 422785967?
9
What is the ten millions digit of 388182134?
8
What is the millions digit of 642980916?
2
What is the units digit of 158741135?
5
What is the ten thousands digit of 369131680?
3
What is the hundreds digit of 243242442?
4
What is the hundreds digit of 1560661648?
6
What is the units digit of 1421387708?
8
What is the hundred millions digit of 533451239?
5
What is the hundred thousands digit of 148187197?
1
What is the units digit of 62031658?
8
What is the ten millions digit of 4152458641?
5
What is the ten millions digit of 595275635?
9
What is the ten millions digit of 1017578898?
1
What is the hundreds digit of 8921526?
5
What is the billions digit of 5743236147?
5
What is the tens digit of 309396228?
2
What is the thousands digit of 886699754?
9
What is the hundred thousands digit of 641353222?
3
What is the units digit of 183217018?
8
What is the thousands digit of 88340764?
0
What is the thousands digit of 9089645?
9
What is the tens digit of 566706960?
6
What is the tens digit of 1787640846?
4
What is the hundreds digit of 928558668?
6
What is the thousands digit of 815015002?
5
What is the millions digit of 754396828?
4
What is the billions digit of 5336011515?
5
What is the thousands digit of 2028656192?
6
What is the millions digit of 85220106?
5
What is the hundred millions digit of 386504929?
3
What is the hundred thousands digit of 28477263?
4
What is the hundred thousands digit of 398817257?
8
What is the hundred thousands digit of 2388515660?
5
What is the millions digit of 3519749?
3
What is the millions digit of 657341990?
7
What is the units digit of 953391301?
1
What is the tens digit of 324799787?
8
What is the millions digit of 3161327908?
1
What is the hundreds digit of 186918606?
6
What is the ten millions digit of 30751656?
3
What is the hundred millions digit of 1621183259?
6
What is the units digit of 1255705630?
0
What is the tens digit of 34416270?
7
What is the ten millions digit of 642702910?
4
What is the ten millions digit of 59423601?
5
What is the units digit of 673106653?
3
What is the hundred thousands digit of 2776691711?
6
What is the hundreds digit of 633338584?
5
What is the thousands digit of 65860256?
0
What is the units digit of 381340393?
3
What is the billions digit of 6279325554?
6
What is the ten thousands digit of 233281871?
8
What is the ten thousands digit of 238004725?
0
What is the tens digit of 3872656784?
8
What is the hundreds digit of 3508426507?
5
What is the tens digit of 319381276?
7
What is the tens digit of 184109700?
0
What is the thousands digit of 904281070?
1
What is the thousands digit of 397022651?
2
What is the thousands digit of 3129729104?
9
What is the units digit of 65324036?
6
What is the thousands digit of 7948963?
8
What is the ten thousands digit of 51494442?
9
What is the thousands digit of 39635302?
5
What is the hundred millions digit of 204795935?
2
What is the millions digit of 2669507222?
9
What is the hundred millions digit of 228033908?
2
What is the thousands digit of 37046094?
6
What is the ten millions digit of 177205624?
7
What is the ten thousands digit of 3718449724?
4
What is the hundred millions digit of 764418770?
7
What is the millions digit of 24677145?
4
What is the ten thousands digit of 280466639?
6
What is the hundreds digit of 3675832572?
5
What is the units digit of 78331624?
4
What is the hundreds digit of 978145515?
5
What is the ten millions digit of 101270270?
0
What is the hundred millions digit of 174347352?
1
What is the hundred thousands digit of 6095643311?
6
What is the tens digit of 72608447?
4
What is the hundreds digit of 132816266?
2
What is the units digit of 507855165?
5
What is the ten thousands digit of 120856392?
5
What is the hundred thousands digit of 7670408067?
4
What is the ten thousands digit of 436272598?
7
What is the thousands digit of 894233502?
3
What is the ten thousands digit of 126831783?
3
What is the millions digit of 80874095?
0
What is the billions digit of 2892792856?
2
What is the units digit of 1380225266?
6
What is the ten thousands digit of 113786521?
8
What is the millions digit of 93167381?
3
What is the millions digit of 1530279057?
0
What is the units digit of 521091149?
9
What is the ten millions digit of 227864042?
2
What is the ten thousands digit of 734246529?
4
What is the ten thousands digit of 238459732?
5
What is the thousands digit of 599841067?
1
What is the tens digit of 1464705776?
7
What is the ten thousands digit of 214113338?
1
What is the hundreds digit of 17124117?
1
What is the thousands digit of 161475585?
5
What is the hundred millions digit of 181722620?
1
What is the units digit of 540750695?
5
What is the tens digit of 60735492?
9
What is the ten thousands digit of 232169764?
6
What is the hundreds digit of 15126259?
2
What is the tens digit of 568859346?
4
What is the units digit of 234200870?
0
What is the hundred thousands digit of 577029405?
0
What is the hundred thousands digit of 444341690?
3
What is the ten thousands digit of 40652168?
5
What is the hundreds digit of 310037642?
6
What is the tens digit of 25365891?
9
What is the millions digit of 2266624119?
6
What is the ten millions digit of 47650251?
4
What is the hundred millions digit of 1128275792?
1
What is the ten millions digit of 83745672?
8
What is the tens digit of 50265170?
7
What is the units digit of 29059579?
9
What is the millions digit of 1237835362?
7
What is the ten millions digit of 31855557?
3
What is the tens digit of 714727450?
5
What is the millions digit of 860653486?
0
What is the thousands digit of 89905138?
5
What is the hundreds digit of 271802385?
3
What is the hundreds digit of 112723553?
5
What is the tens digit of 80668802?
0
What is the hundred thousands digit of 600821674?
8
What is the ten thousands digit of 16789157?
8
What is the units digit of 369547725?
5
What is the ten millions digit of 39819036?
3
What is the tens digit of 49595345?
4
What is the hundred thousands digit of 96633582?
6
What is the hundreds digit of 57055128?
1
What is the millions digit of 1638038926?
8
What is the hundreds digit of 128155700?
7
What is the units digit of 50768215?
5
What is the tens digit of 309378956?
5
What is the hundreds digit of 323778828?
8
What is the units digit of 643159248?
8
What is the millions digit of 8939381